{"id":18,"date":"2025-07-22T20:35:42","date_gmt":"2025-07-23T01:35:42","guid":{"rendered":"https:\/\/kyravaluos.com\/?page_id=18"},"modified":"2025-09-11T20:45:27","modified_gmt":"2025-09-12T01:45:27","slug":"quienes-somos","status":"publish","type":"page","link":"https:\/\/kyravaluos.com\/index.php\/quienes-somos\/","title":{"rendered":"Quienes Somos"},"content":{"rendered":"\t\t<div data-elementor-type=\"wp-page\" data-elementor-id=\"18\" class=\"elementor elementor-18\">\n\t\t\t\t<div class=\"elementor-element elementor-element-dee11b7 e-flex e-con-boxed e-con e-parent\" data-id=\"dee11b7\" data-element_type=\"container\" data-settings=\"{&quot;shape_divider_top&quot;:&quot;mountains&quot;}\">\n\t\t\t\t\t<div class=\"e-con-inner\">\n\t\t\t\t<div class=\"elementor-shape elementor-shape-top\" aria-hidden=\"true\" data-negative=\"false\">\n\t\t\t<svg xmlns=\"http:\/\/www.w3.org\/2000\/svg\" viewBox=\"0 0 1000 100\" preserveAspectRatio=\"none\">\n\t<path class=\"elementor-shape-fill\" opacity=\"0.33\" d=\"M473,67.3c-203.9,88.3-263.1-34-320.3,0C66,119.1,0,59.7,0,59.7V0h1000v59.7 c0,0-62.1,26.1-94.9,29.3c-32.8,3.3-62.8-12.3-75.8-22.1C806,49.6,745.3,8.7,694.9,4.7S492.4,59,473,67.3z\"\/>\n\t<path class=\"elementor-shape-fill\" opacity=\"0.66\" d=\"M734,67.3c-45.5,0-77.2-23.2-129.1-39.1c-28.6-8.7-150.3-10.1-254,39.1 s-91.7-34.4-149.2,0C115.7,118.3,0,39.8,0,39.8V0h1000v36.5c0,0-28.2-18.5-92.1-18.5C810.2,18.1,775.7,67.3,734,67.3z\"\/>\n\t<path class=\"elementor-shape-fill\" d=\"M766.1,28.9c-200-57.5-266,65.5-395.1,19.5C242,1.8,242,5.4,184.8,20.6C128,35.8,132.3,44.9,89.9,52.5C28.6,63.7,0,0,0,0 h1000c0,0-9.9,40.9-83.6,48.1S829.6,47,766.1,28.9z\"\/>\n<\/svg>\t\t<\/div>\n\t\t\t\t<div class=\"elementor-element elementor-element-0a54eec elementor-widget elementor-widget-text-editor\" data-id=\"0a54eec\" data-element_type=\"widget\" data-widget_type=\"text-editor.default\">\n\t\t\t\t\t\t\t\t\t<p><span style=\"font-weight: 400;\"><strong>KyR Aval\u00faos<\/strong> y Asesor\u00edas Inmobiliarias es una empresa dedicada a realizar valoraciones inmobiliarias a nivel nacional, que cuenta con un grupo interdisciplinario de profesionales altamente calificados e inscritos en el Registro Abierto de Avaluadores RAA, lo que permite entregar aval\u00faos confiables y certificados.<\/span><\/p>\t\t\t\t\t\t\t\t<\/div>\n\t\t\t\t\t<\/div>\n\t\t\t\t<\/div>\n\t\t<div class=\"elementor-element elementor-element-9777725 e-flex e-con-boxed e-con e-parent\" data-id=\"9777725\" data-element_type=\"container\">\n\t\t\t\t\t<div class=\"e-con-inner\">\n\t\t\t\t<div class=\"elementor-element elementor-element-17d98cc elementor-widget elementor-widget-heading\" data-id=\"17d98cc\" data-element_type=\"widget\" data-widget_type=\"heading.default\">\n\t\t\t\t\t<h2 class=\"elementor-heading-title elementor-size-default\">PERFIL DIRECTIVO<\/h2>\t\t\t\t<\/div>\n\t\t\t\t\t<\/div>\n\t\t\t\t<\/div>\n\t\t<div class=\"elementor-element elementor-element-d596e04 e-flex e-con-boxed e-con e-parent\" data-id=\"d596e04\" data-element_type=\"container\">\n\t\t\t\t\t<div class=\"e-con-inner\">\n\t\t\t\t<div class=\"elementor-element elementor-element-dd0327b elementor-widget elementor-widget-heading\" data-id=\"dd0327b\" data-element_type=\"widget\" data-widget_type=\"heading.default\">\n\t\t\t\t\t<h2 class=\"elementor-heading-title elementor-size-default\">Kelly Johanna Gallo Ram\u00edrez<\/h2>\t\t\t\t<\/div>\n\t\t\t\t\t<\/div>\n\t\t\t\t<\/div>\n\t\t<div class=\"elementor-element elementor-element-e0c9f3a e-flex e-con-boxed e-con e-parent\" data-id=\"e0c9f3a\" data-element_type=\"container\">\n\t\t\t\t\t<div class=\"e-con-inner\">\n\t\t<div class=\"elementor-element elementor-element-1e25dab e-con-full e-flex e-con e-child\" data-id=\"1e25dab\" data-element_type=\"container\">\n\t\t\t\t<div class=\"elementor-element elementor-element-1537ecd elementor-widget elementor-widget-text-editor\" data-id=\"1537ecd\" data-element_type=\"widget\" data-widget_type=\"text-editor.default\">\n\t\t\t\t\t\t\t\t\t<p><span style=\"font-weight: 400;\"><img decoding=\"async\" class=\"wp-image-467 aligncenter\" src=\"https:\/\/kyravaluos.com\/wp-content\/uploads\/2025\/08\/Escudo_UD.svg-300x290.png\" alt=\"logo universidad de caldas\" width=\"208\" height=\"201\" srcset=\"https:\/\/kyravaluos.com\/wp-content\/uploads\/2025\/08\/Escudo_UD.svg-300x290.png 300w, https:\/\/kyravaluos.com\/wp-content\/uploads\/2025\/08\/Escudo_UD.svg-1024x990.png 1024w, https:\/\/kyravaluos.com\/wp-content\/uploads\/2025\/08\/Escudo_UD.svg-768x742.png 768w, https:\/\/kyravaluos.com\/wp-content\/uploads\/2025\/08\/Escudo_UD.svg.png 1200w\" sizes=\"(max-width: 208px) 100vw, 208px\" \/><\/span><\/p><p><span style=\"font-weight: 400;\">Ingeniera Catastral y Geodesta, Especialista en Aval\u00faos de la\u00a0\u00a0<\/span><span style=\"font-style: inherit;\">Universidad Distrital <\/span><span style=\"font-style: inherit;\">Francisco Jos\u00e9 de Caldas, con experiencia de 10 a\u00f1os en la elaboraci\u00f3n y revisi\u00f3n de aval\u00faos comerciales a nivel nacional para entidades p\u00fablicas como: Teleantioquia, El Ministerio de las Telecomunicaciones TIC, Gobernaci\u00f3n de Sucre, Alcald\u00eda de Galapa &#8211; Atl\u00e1ntico, Alcald\u00eda de Puerto Triunfo &#8211; Antioquia, Alcald\u00eda de El Retiro &#8211; Antioquia, Imviyumbo, Alcald\u00eda de Bel\u00e9n de Umbr\u00eda &#8211; Risaralda. Y para entidades privadas como: Aguas de Manizales, Banco BBVA, Colpatria, Bancolombia, ITAU y Pichincha.<\/span><\/p><p><span style=\"font-weight: 400;\">A trav\u00e9s de estos 10 a\u00f1os ha realizado m\u00e1s de 3.000 aval\u00faos comerciales a nivel nacional, de diferentes tipo de inmuebles como: casas, apartamentos, parcelaciones campestres, fincas productoras, lotes, locales comerciales, oficinas, consultorios, edificios, hoteles, estaciones de servicio, cl\u00ednicas, hospitales, entre otros para fines de compraventa, arrendamientos, hipotecarios, judiciales (sucesiones, liquidaciones de sociedad conyugal, procesos de pertenencia, entre otros), corporativos, reclamaci\u00f3n del impuesto predial y desarrollo de proyectos inmobiliarios.\u00a0<\/span><\/p><p><span style=\"font-weight: 400;\">Gracias a esta experiencia cuenta con un manejo amplio y vers\u00e1til de las normas urban\u00edsticas que rigen a las diferentes entidades territoriales y ambientales del pa\u00eds, y el manejo de diferentes sistemas geogr\u00e1ficos como Geoportales o Geovisores que implementan las entidades.<\/span><\/p>\t\t\t\t\t\t\t\t<\/div>\n\t\t\t\t<\/div>\n\t\t\t\t\t<\/div>\n\t\t\t\t<\/div>\n\t\t<div class=\"elementor-element elementor-element-df91696 e-flex e-con-boxed e-con e-parent\" data-id=\"df91696\" data-element_type=\"container\">\n\t\t\t\t\t<div class=\"e-con-inner\">\n\t\t\t\t<div class=\"elementor-element elementor-element-de35d21 no-underline elementor-widget elementor-widget-heading\" data-id=\"de35d21\" data-element_type=\"widget\" data-widget_type=\"heading.default\">\n\t\t\t\t\t<h2 class=\"elementor-heading-title elementor-size-default\"><a href=\"https:\/\/kyravaluos.com\/wp-content\/uploads\/2025\/09\/KyR%20Aval%C3%BAos%20Brochure.pdf\">  PORTAFOLIO\u200b<\/a><\/h2>\t\t\t\t<\/div>\n\t\t\t\t\t<\/div>\n\t\t\t\t<\/div>\n\t\t<div class=\"elementor-element elementor-element-b6c748f e-flex e-con-boxed e-con e-parent\" data-id=\"b6c748f\" data-element_type=\"container\">\n\t\t\t\t\t<div class=\"e-con-inner\">\n\t\t\t\t<div class=\"elementor-element elementor-element-c423e69 elementor-widget elementor-widget-image\" data-id=\"c423e69\" data-element_type=\"widget\" data-widget_type=\"image.default\">\n\t\t\t\t\t\t\t\t\t\t\t\t\t\t\t<img fetchpriority=\"high\" decoding=\"async\" width=\"300\" height=\"200\" src=\"https:\/\/kyravaluos.com\/wp-content\/uploads\/2025\/08\/KYR-LOGOS-CON-FONDO-BLANCO_Mesa-de-trabajo-1-copia-300x200.png\" class=\"attachment-medium size-medium wp-image-271\" alt=\"\" srcset=\"https:\/\/kyravaluos.com\/wp-content\/uploads\/2025\/08\/KYR-LOGOS-CON-FONDO-BLANCO_Mesa-de-trabajo-1-copia-300x200.png 300w, https:\/\/kyravaluos.com\/wp-content\/uploads\/2025\/08\/KYR-LOGOS-CON-FONDO-BLANCO_Mesa-de-trabajo-1-copia-1024x683.png 1024w, https:\/\/kyravaluos.com\/wp-content\/uploads\/2025\/08\/KYR-LOGOS-CON-FONDO-BLANCO_Mesa-de-trabajo-1-copia-768x512.png 768w, https:\/\/kyravaluos.com\/wp-content\/uploads\/2025\/08\/KYR-LOGOS-CON-FONDO-BLANCO_Mesa-de-trabajo-1-copia-1536x1024.png 1536w, https:\/\/kyravaluos.com\/wp-content\/uploads\/2025\/08\/KYR-LOGOS-CON-FONDO-BLANCO_Mesa-de-trabajo-1-copia-2048x1365.png 2048w\" sizes=\"(max-width: 300px) 100vw, 300px\" \/>\t\t\t\t\t\t\t\t\t\t\t\t\t\t\t<\/div>\n\t\t\t\t\t<\/div>\n\t\t\t\t<\/div>\n\t\t\t\t<\/div>\n\t\t","protected":false},"excerpt":{"rendered":"<p>KyR Aval\u00faos y Asesor\u00edas Inmobiliarias es una empresa dedicada a realizar valoraciones inmobiliarias a nivel nacional, que cuenta con un [&hellip;]<\/p>\n","protected":false},"author":2,"featured_media":0,"parent":0,"menu_order":0,"comment_status":"closed","ping_status":"closed","template":"","meta":{"site-sidebar-layout":"no-sidebar","site-content-layout":"","ast-site-content-layout":"full-width-container","site-content-style":"default","site-sidebar-style":"default","ast-global-header-display":"","ast-banner-title-visibility":"","ast-main-header-display":"","ast-hfb-above-header-display":"","ast-hfb-below-header-display":"","ast-hfb-mobile-header-display":"","site-post-title":"disabled","ast-breadcrumbs-content":"","ast-featured-img":"disabled","footer-sml-layout":"","theme-transparent-header-meta":"","adv-header-id-meta":"","stick-header-meta":"","header-above-stick-meta":"","header-main-stick-meta":"","header-below-stick-meta":"","astra-migrate-meta-layouts":"default","ast-page-background-enabled":"default","ast-page-background-meta":{"desktop":{"background-color":"var(--ast-global-color-5)","background-image":"","background-repeat":"repeat","background-position":"center center","background-size":"auto","background-attachment":"scroll","background-type":"","background-media":"","overlay-type":"","overlay-color":"","overlay-opacity":"","overlay-gradient":""},"tablet":{"background-color":"","background-image":"","background-repeat":"repeat","background-position":"center center","background-size":"auto","background-attachment":"scroll","background-type":"","background-media":"","overlay-type":"","overlay-color":"","overlay-opacity":"","overlay-gradient":""},"mobile":{"background-color":"","background-image":"","background-repeat":"repeat","background-position":"center center","background-size":"auto","background-attachment":"scroll","background-type":"","background-media":"","overlay-type":"","overlay-color":"","overlay-opacity":"","overlay-gradient":""}},"ast-content-background-meta":{"desktop":{"background-color":"var(--ast-global-color-4)","background-image":"","background-repeat":"repeat","background-position":"center center","background-size":"auto","background-attachment":"scroll","background-type":"","background-media":"","overlay-type":"","overlay-color":"","overlay-opacity":"","overlay-gradient":""},"tablet":{"background-color":"var(--ast-global-color-4)","background-image":"","background-repeat":"repeat","background-position":"center center","background-size":"auto","background-attachment":"scroll","background-type":"","background-media":"","overlay-type":"","overlay-color":"","overlay-opacity":"","overlay-gradient":""},"mobile":{"background-color":"var(--ast-global-color-4)","background-image":"","background-repeat":"repeat","background-position":"center center","background-size":"auto","background-attachment":"scroll","background-type":"","background-media":"","overlay-type":"","overlay-color":"","overlay-opacity":"","overlay-gradient":""}},"footnotes":""},"class_list":["post-18","page","type-page","status-publish","hentry"],"_links":{"self":[{"href":"https:\/\/kyravaluos.com\/index.php\/wp-json\/wp\/v2\/pages\/18","targetHints":{"allow":["GET"]}}],"collection":[{"href":"https:\/\/kyravaluos.com\/index.php\/wp-json\/wp\/v2\/pages"}],"about":[{"href":"https:\/\/kyravaluos.com\/index.php\/wp-json\/wp\/v2\/types\/page"}],"author":[{"embeddable":true,"href":"https:\/\/kyravaluos.com\/index.php\/wp-json\/wp\/v2\/users\/2"}],"replies":[{"embeddable":true,"href":"https:\/\/kyravaluos.com\/index.php\/wp-json\/wp\/v2\/comments?post=18"}],"version-history":[{"count":31,"href":"https:\/\/kyravaluos.com\/index.php\/wp-json\/wp\/v2\/pages\/18\/revisions"}],"predecessor-version":[{"id":608,"href":"https:\/\/kyravaluos.com\/index.php\/wp-json\/wp\/v2\/pages\/18\/revisions\/608"}],"wp:attachment":[{"href":"https:\/\/kyravaluos.com\/index.php\/wp-json\/wp\/v2\/media?parent=18"}],"curies":[{"name":"wp","href":"https:\/\/api.w.org\/{rel}","templated":true}]}}